illions digit of 11051735?
1
What is the hundreds digit of 921677?
6
What is the tens digit of 762648?
4
What is the hundred thousands digit of 161807?
1
What is the ten thousands digit of 271550?
7
What is the ten thousands digit of 1228519?
2
What is the hundreds digit of 1994434?
4
What is the ten millions digit of 12201699?
1
What is the hundreds digit of 5906491?
4
What is the thousands digit of 428288?
8
What is the hundreds digit of 270704?
7
What is the hundred thousands digit of 594295?
5
What is the tens digit of 2273782?
8
What is the millions digit of 7391266?
7
What is the tens digit of 436758?
5
What is the hundred thousands digit of 6438220?
4
What is the hundreds digit of 6887127?
1
What is the tens digit of 2243151?
5
What is the hundred thousands digit of 260557?
2
What is the millions digit of 1444164?
1
What is the tens digit of 98583?
8
What is the hundred thousands digit of 4770717?
7
What is the ten millions digit of 14304380?
1
What is the hundred thousands digit of 6876857?
8
What is the units digit of 460804?
4
What is the units digit of 460206?
6
What is the tens digit of 2211191?
9
What is the millions digit of 4331983?
4
What is the units digit of 45871?
1
What is the units digit of 740386?
6
What is the tens digit of 16494469?
6
What is the ten thousands digit of 46348?
4
What is the ten thousands digit of 224077?
2
What is the thousands digit of 1591902?
1
What is the thousands digit of 177725?
7
What is the ten millions digit of 30142005?
3
What is the tens digit of 6074003?
0
What is the ten thousands digit of 21997?
2
What is the tens digit of 29681?
8
What is the units digit of 897809?
9
What is the units digit of 67993?
3
What is the ten thousands digit of 20248477?
4
What is the thousands digit of 676813?
6
What is the ten thousands digit of 150462?
5
What is the tens digit of 747598?
9
What is the thousands digit of 304025?
4
What is the thousands digit of 485475?
5
What is the tens digit of 652394?
9
What is the hundred thousands digit of 3414153?
4
What is the ten thousands digit of 541499?
4
What is the tens digit of 88089?
8
What is the hundreds digit of 2852805?
8
What is the ten thousands digit of 460292?
6
What is the ten millions digit of 10732816?
1
What is the tens digit of 8085086?
8
What is the hundred thousands digit of 232745?
2
What is the millions digit of 4062982?
4
What is the tens digit of 29776239?
3
What is the hundred thousands digit of 286137?
2
What is the hundreds digit of 51280?
2
What is the ten thousands digit of 26232270?
3
What is the hundreds digit of 1667790?
7
What is the hundreds digit of 709028?
0
What is the thousands digit of 63764?
3
What is the tens digit of 151454?
5
What is the thousands digit of 99182?
9
What is the tens digit of 30567553?
5
What is the hundred thousands digit of 398650?
3
What is the tens digit of 20656423?
2
What is the ten thousands digit of 352139?
5
What is the tens digit of 390645?
4
What is the hundreds digit of 46038?
0
What is the hundreds digit of 59930?
9
What is the hundreds digit of 1297256?
2
What is the tens digit of 1090388?
8
What is the tens digit of 2070024?
2
What is the hundreds digit of 99242?
2
What is the units digit of 622809?
9
What is the thousands digit of 63229?
3
What is the hundreds digit of 1927803?
8
What is the thousands digit of 5776266?
6
What is the tens digit of 15103880?
8
What is the ten millions digit of 34859581?
3
What is the tens digit of 2911106?
0
What is the thousands digit of 575274?
5
What is the tens digit of 234543?
4
What is the tens digit of 153746?
4
What is the tens digit of 5729196?
9
What is the hundreds digit of 791548?
5
What is the units digit of 1677134?
4
What is the tens digit of 4092388?
8
What is the hundred thousands digit of 22743559?
7
What is the millions digit of 1286779?
1
What is the thousands digit of 552236?
2
What is the hundred thousands digit of 194021?
1
What is the millions digit of 29735137?
9
What is the ten thousands digit of 4513048?
1
What is the tens digit of 685945?
4
What is the ten thousands digit of 6532366?
3
What is the millions digit of 1976368?
1
What is the ten thousands digit of 666768?
6
What is the tens digit of 4998832?
3
What is the ten thousands digit of 121733?
2
What is the thousands digit of 4729838?
9
What is the hundreds digit of 579158?
1
What is the thousands digit of 712670?
2
What is the units digit of 12855928?
8
What is the tens digit of 2252931?
3
What is the units digit of 29337172?
2
What is the hundred thousands digit of 1044533?
0
What is the tens digit of 72379?
7
What is the tens digit of 92013?
1
What is the units digit of 2845719?
9
What is the tens digit of 11283325?
2
What is the millions digit of 14853792?
4
What is the hundred thousands digit of 630955?
6
What is the hundreds digit of 3102416?
4
What is the tens digit of 837400?
0
What is the hundred thousands digit of 6731561?
7
What is the ten millions digit of 18951948?
1
What is the ten thousands digit of 9977537?
7
What is the millions digit of 28160440?
8
What is the hundreds digit of 7085067?
0
What is the thousands digit of 8335850?
5
What is the hundred thousands digit of 842256?
8
What is the millions digit of 1099614?
1
What is the tens digit of 8829386?
8
What is the hundred thousands digit of 2508632?
5
What is the units digit of 310431?
1
What is the hundreds digit of 113336?
3
What is the thousands digit of 9189792?
9
What is the units digit of 108424?
4
What is the thousands digit of 125211?
5
What is the ten thousands digit of 1311680?
1
What is the thousands digit of 85074?
5
What is the units digit of 151043?
3
What is the thousands digit of 387065?
7
What is the millions digit of 2907017?
2
What is the thousands digit of 1130137?
0
What is the units digit of 3528072?
2
What is the hundreds digit of 77002?
0
What is the millions digit of 4183258?
4
What is the hundred thousands digit of 513951?
5
What is the hundred thousands digit of 3162275?
1
What is the ten thousands digit of 150391?
5
What is the thousands digit of 248618?
8
What is the units digit of 65885?
5
What is the hundreds digit of 993392?
3
What is the hundred thousands digit of 786050?
7
What is the ten thousands digit of 962578?
6
What is the hundreds digit of 241789?
7
What is the units digit of 5497078?
8
What is the hundreds digit of 4887661?
6
What is the units digit of 392187?
7
What is the thousands digit of 5196823?
6
What is the tens digit of 2558556?
5
What is the units digit of 1304049?
9
What is the ten thousands digit of 231905?
3
What is the ten thousands digit of 67681?
6
What is the hundreds digit of 25008130?
1
What is the thousands digit of 2277062?
7
What is the thousands digit of 199238?
9
What is the ten thousands digit of 77635?
7
What is the tens digit of 382277?
7
What is the units digit of 8529157?
7
What is the ten thousands digit of 536825?
3
What is the ten thousands digit of 16288?
1
What is the hundreds digit of 590233?
2
What is the hundred thousands digit of 303299?
3
What is the hundred thousands digit of 440824?
4
What is the millions digit of 1881773?
1
What is the ten thousands digit of 275861?
7
What is the hundreds digit of 197553?
5
What is the hundred thousands digit of 183871?
1
What is the hundreds digit of 287375?
3
What is the hundred thousands digit of 192417?
1
What is the units digit of 119052?
2
What is the units digit of 2210359?
9
What is the thousands digit of 94401?
4
What is the ten millions digit of 14150509?
1
What is the tens digit of 1554307?
0
What is the thousands digit of 936082?
6
What is the thousands digit of 414366?
4
What is the units digit of 422375?
5
What is the tens digit of 2681180?
8
What is the tens digit of 2173494?
9
What is the thousands digit of 820890?
0
What is the hundreds digit of 146365?
3
What is the units digit of 4138558?
8
What is the millions digit of 1946238?
1
What is the thousands digit of 45705?
5
What is the ten thousands digit of 255027?
5
What is the millions digit of 1069070?
1
What is the tens digit of 1810146?
4
What is the tens digit of 104214?
1
What is the thousands digit of 5125762?
5
What is the tens digit of 5036314?
1
What is the hundreds digit of 2950230?
2
What is the ten thousands dig